{"id":125,"date":"2019-11-23T21:51:42","date_gmt":"2019-11-23T21:51:42","guid":{"rendered":"https:\/\/hvantilburgtransport.nl\/?page_id=125"},"modified":"2022-01-05T15:45:33","modified_gmt":"2022-01-05T15:45:33","slug":"ihr-transport-unsere-sorge","status":"publish","type":"page","link":"https:\/\/www.hvantilburgtransport.nl\/?page_id=125","title":{"rendered":"Van Tilburg Transport"},"content":{"rendered":"\n<div class=\"wp-block-columns is-layout-flex wp-container-core-columns-is-layout-9d6595d7 wp-block-columns-is-layout-flex\">\n<div class=\"wp-block-column is-layout-flow wp-block-column-is-layout-flow\" style=\"flex-basis:50%\">\n<p>Konditionierte Transporte von Lebensmitteln fordert Fachwissen. Wir sorgen daf\u00fcr, dass Ihre Waren unter den richtigen Bedingungen und zur bestimmten Zeit, bei Ihren Kunden ankommen. Als Logistik-Dienstleister sind wir eine Erweiterung Ihres Gesch\u00e4ftes.<br><br>Unsere Qualit\u00e4t ist selbstverst\u00e4ndlich, basierend auf langj\u00e4hriger Erfahrung. National und international bef\u00f6rdern wir konditionierten und normale Fracht Transporte. Unsere Fahrzeuge sind ausgestattet mit modernen K\u00e4ltetechnik f\u00fcr HACCP Zertifizierung sowohl K\u00fchl- und Gefrier Sendungen. Ein Teil der Flotte ist mit Eurohacken f\u00fcr h\u00e4ngendem Fleisch Verkehr ausgestattet.<\/p>\n<\/div>\n\n\n\n<div class=\"wp-block-column is-layout-flow wp-block-column-is-layout-flow\" style=\"flex-basis:50%\">\n<div class=\"wp-block-image\"><figure class=\"aligncenter size-full\"><img loading=\"lazy\" decoding=\"async\" width=\"300\" height=\"205\" src=\"https:\/\/www.hvantilburgtransport.nl\/wp-content\/uploads\/2019\/11\/vrachtwagens1a_300_205.jpg\" alt=\"\" class=\"wp-image-17\"\/><\/figure><\/div>\n\n\n\n<div style=\"height:41px\" aria-hidden=\"true\" class=\"wp-block-spacer\"><\/div>\n\n\n\n<div class=\"wp-block-columns is-layout-flex wp-container-core-columns-is-layout-9d6595d7 wp-block-columns-is-layout-flex\">\n<div class=\"wp-block-column is-layout-flow wp-block-column-is-layout-flow\" style=\"flex-basis:100%\">\n<p class=\"has-text-align-center\">&#8216;Wir freuen uns auf<br>Ihre Kontaktaufname.&#8217;<br><br>-Bart van de Werff<\/p>\n<\/div>\n<\/div>\n<\/div>\n<\/div>\n","protected":false},"excerpt":{"rendered":"<p>Konditionierte Transporte von Lebensmitteln fordert Fachwissen. Wir sorgen daf\u00fcr, dass Ihre Waren unter den richtigen Bedingungen und zur bestimmten Zeit, bei Ihren Kunden ankommen. Als Logistik-Dienstleister sind wir eine Erweiterung Ihres Gesch\u00e4ftes. Unsere Qualit\u00e4t ist selbstverst\u00e4ndlich, basierend auf langj\u00e4hriger Erfahrung. National und international bef\u00f6rdern wir konditionierten und normale Fracht Transporte. Unsere Fahrzeuge sind ausgestattet mit &hellip; <a href=\"https:\/\/www.hvantilburgtransport.nl\/?page_id=125\" class=\"more-link\">Lees <span class=\"screen-reader-text\">&#8220;Van Tilburg Transport&#8221;<\/span> verder<\/a><\/p>\n","protected":false},"author":2,"featured_media":0,"parent":0,"menu_order":0,"comment_status":"closed","ping_status":"closed","template":"","meta":{"footnotes":""},"class_list":["post-125","page","type-page","status-publish","hentry"],"_links":{"self":[{"href":"https:\/\/www.hvantilburgtransport.nl\/index.php?rest_route=\/wp\/v2\/pages\/125","targetHints":{"allow":["GET"]}}],"collection":[{"href":"https:\/\/www.hvantilburgtransport.nl\/index.php?rest_route=\/wp\/v2\/pages"}],"about":[{"href":"https:\/\/www.hvantilburgtransport.nl\/index.php?rest_route=\/wp\/v2\/types\/page"}],"author":[{"embeddable":true,"href":"https:\/\/www.hvantilburgtransport.nl\/index.php?rest_route=\/wp\/v2\/users\/2"}],"replies":[{"embeddable":true,"href":"https:\/\/www.hvantilburgtransport.nl\/index.php?rest_route=%2Fwp%2Fv2%2Fcomments&post=125"}],"version-history":[{"count":16,"href":"https:\/\/www.hvantilburgtransport.nl\/index.php?rest_route=\/wp\/v2\/pages\/125\/revisions"}],"predecessor-version":[{"id":336,"href":"https:\/\/www.hvantilburgtransport.nl\/index.php?rest_route=\/wp\/v2\/pages\/125\/revisions\/336"}],"wp:attachment":[{"href":"https:\/\/www.hvantilburgtransport.nl\/index.php?rest_route=%2Fwp%2Fv2%2Fmedia&parent=125"}],"curies":[{"name":"wp","href":"https:\/\/api.w.org\/{rel}","templated":true}]}}